a(-52). What is the highest common factor of g and q?
5
Let j(a) = a**2 + 5*a. Let b be j(-6). Let d be -71 + 1 + b/(-3). Let f be (4 - 2)*d/(-3). What is the highest common divisor of f and 16?
16
Let x = -48 - -29. Let f = 59 + x. Calculate the highest common factor of 8 and f.
8
Let q(s) = 16*s**2 - 10*s - 3 + 9*s + 0*s**2. Let v be q(5). Suppose 6*o = 2*o + v. What is the greatest common factor of o and 14?
14
Suppose 39*m + 464 = 47*m. Let t be 6/(-9) + (-267)/(-9). What is the highest common factor of m and t?
29
Let j = -18 - -31. Suppose 1890 = -7*f + j*f. Calculate the highest common factor of 45 and f.
45
Suppose -60*b + 55*b = 2*v - 482, -1 = -v. Calculate the greatest common divisor of 9 and b.
3
Suppose 0 = -50*b + 350 + 150. What is the highest common divisor of 560 and b?
10
Suppose 0 = -4*a - 4*j + 68, 8*a + 4*j - 85 = 3*a. Suppose -2*w + 4*r - 50 = -296, -3*w = 4*r - 349. Calculate the highest common factor of w and a.
17
Let q(h) = h**3 - 9*h**2 + h - 2. Let m be q(10). Suppose -3*r = -4*n - 6*r + 33, -5*r = -n + 37. Calculate the greatest common factor of m and n.
12
Let a be 12/(-102) + 1200/85. What is the highest common divisor of 126 and a?
14
Let h be 16/(-11)*(-55)/10. What is the highest common factor of h and 8?
8
Let v = -194 - -200. Let o = -2 + 4. Let g be v/o - (-4 - -4). What is the greatest common divisor of 33 and g?
3
Let r be 45/(-6)*(-20 + 10). Calculate the highest common divisor of 60 and r.
15
Let p = 131 - 68. Let j = p - 34. Calculate the greatest common divisor of 87 and j.
29
Suppose -f - 6 = -12. Let w be (5 - f) + -2 + -1 + 81. Calculate the greatest common factor of w and 7.
7
Suppose 32*l - 5*d = 30*l + 317, -3*l = -2*d - 503. Calculate the greatest common divisor of l and 285.
57
Let y = 130 - -78. Let m(f) = f**2 - 6*f - 23. Let o be m(9). Suppose -52 = -2*s + 5*b, b = -o*b. Calculate the greatest common divisor of y and s.
26
Suppose 2*z - 195 - 21 = -4*f, 3*z = -2*f + 336. Calculate the highest common divisor of z and 6.
6
Suppose 0 = 5*o - 53 + 3. Let r = -2039 + 2059. What is the highest common divisor of o and r?
10
Suppose 0 = -5*s - j + 2015, 2*s = 5*s - j - 1209. Calculate the highest common factor of 31 and s.
31
Let a = -505 - -524. What is the greatest common divisor of 38 and a?
19
Suppose -8*n + 44 + 36 = 0. Calculate the greatest common factor of n and 240.
10
Let n(a) = 21*a + 1. Let m be n(5). Suppose 0 = 3*o - 14 - m. What is the highest common factor of o and 16?
8
Suppose -7*k - 2*k = -135. Suppose -k*d + 11*d + 72 = 0. Calculate the greatest common factor of 45 and d.
9
Let s = 28 + 6. Suppose -5*a - 255 = -5*t, 7*a = 2*a. What is the highest common factor of s and t?
17
Let r(x) = x**2 - 15*x + 12. Let d be r(14). Let g be d/((-1)/(-2)*-2). Suppose -g*b + 69 + 35 = 0. What is the greatest common divisor of 13 and b?
13
Suppose 16*m - 1155 = 925. What is the greatest common factor of m and 65?
65
Let n be ((-4)/10)/(4/(-240)). What is the highest common factor of 24 and n?
24
Let j(l) = -27*l + 12 + 2*l**2 - l**2 + 32*l. Let y be j(-6). What is the greatest common factor of y and 27?
9
Let s = 17 - 25. Let y = s - -11. Suppose 3*k + 6 = 0, -y*r + 3*k = -0*k - 15. Calculate the greatest common divisor of r and 9.
3
Let u(x) = -x**2 - 4*x. Let c be u(4). Let p = c + 82. Calculate the greatest common divisor of 25 and p.
25
Suppose 25*v - 21*v = 8. Let o(n) = 10*n**3 + 3*n**2 - 3*n + 2. Let k be o(v). What is the greatest common factor of 11 and k?
11
Suppose 2*v - 257 = -249. Suppose -v*t + 32 + 92 = -4*m, -11 = -t - 3*m. What is the greatest common factor of 2 and t?
2
Let p = 1389 + -1369. What is the greatest common divisor of p and 270?
10
Let n = 356 + -218. Suppose -5*a + n - 18 = 0. Suppose 2*v = -3*j + 25, 7*j - 31 = -2*v + 2*j. What is the highest common divisor of v and a?
8
Suppose 7*h - 5*h = 176. What is the greatest common factor of h and 33?
11
Let v(z) = z**3 + 14*z**2 - 25*z - 35. Let o be v(-14). What is the highest common factor of 35 and o?
35
Let s be 8/6*(-6)/(-4)*2. Let h be (-1 + (-55)/(-5))*s/5. Calculate the greatest common factor of h and 120.
8
Suppose -36 = -j - 3*p, 12*j - 7*j - 204 = -3*p. Calculate the highest common divisor of 28 and j.
14
Let a(s) = 16*s**2 - 11*s**2 + 2 - 3*s + 16*s**2. Let b be a(1). Let n = 39 + -9. What is the highest common divisor of n and b?
10
Let w be 118/413 - (-278)/7. What is the highest common divisor of 88 and w?
8
Suppose -120 = -29*z + 9*z. Calculate the greatest common factor of 54 and z.
6
Let k = -246 + 249. Calculate the greatest common divisor of k and 3.
3
Suppose -456 = -2*l - 2*l + 3*n, -3*l - 3*n + 321 = 0. Let i = -60 + l. Let f be (1/3)/((-1)/(-51)). Calculate the greatest common divisor of f and i.
17
Suppose 0*z = z - 10. Suppose -2*y - 2*u + 168 = 0, 144 = 2*y - 4*u - 0*u. What is the highest common factor of y and z?
10
Let o be -7 - (-13 + (-47 - -9)). Let m(l) = -22*l**3 + l**2 + 2*l. Let f be m(-2). Calculate the greatest common divisor of f and o.
44
Let y = 20 + -11. Let u(m) = m**3 + 10*m**2 + 8*m + 9. Suppose 0 = -3*x - 8 - 19. Let c be u(x). What is the greatest common factor of y and c?
9
Suppose 0 = -712*x + 686*x + 1872. What is the greatest common factor of 216 and x?
72
Let s(c) = c**3 - 8*c**2 + c - 8. Let f be s(8). Suppose 3*z - 3*o - 99 = f, -6*o + 2*o - 104 = -3*z. What is the greatest common divisor of z and 4?
4
Let o be (4 - 13) + 6 - (-5414)/2. Let h be o/30 - 8*3/180. What is the highest common factor of h and 6?
6
Let y be 4 + 4503 + 2 - (1 - 1). Suppose 17*a + 1772 = y. Calculate the greatest common divisor of a and 23.
23
Suppose 0 = -2*p - 4*b + 132, -3*p + 8*p - 323 = -3*b. Calculate the highest common factor of 8 and p.
8
Suppose 3*m = 5*w - 2, 10*m - 5*m = 4*w - 12. Let q be (-4)/(-8) - 21/w. Calculate the greatest common factor of 44 and q.
11
Let s be 18/(-8)*(-3652)/249. What is the greatest common factor of s and 429?
33
Let d(a) = 13*a**2 + 3*a + 2. Let p be d(-1). Calculate the greatest common factor of 192 and p.
12
Let q = 326 + -159. Suppose -4*d - q = -607. What is the greatest common divisor of 10 and d?
10
Suppose 27 = 2*w + 5*v, -5*w - 2*v + 7*v = -120. Suppose -w*m + 170 = -26*m. Let z = -22 - m. What is the greatest common factor of 48 and z?
12
Suppose 2*l = -15*l + 21777. Calculate the highest common factor of l and 42.
21
Suppose 0*w + 4*v = -w + 141, 3*w + 5*v = 388. Let c = w - 36. Calculate the highest common divisor of 5 and c.
5
Let b(l) = 8*l - 8. Let k be b(4). Suppose k*w - 26*w + 28 = 0. Calculate the highest common factor of w and 98.
14
Let k(p) = -p**2 + 19*p + 4. Let m be k(19). Suppose -16 + 72 = m*z - t, -2*z + t + 30 = 0. Calculate the highest common factor of z and 52.
13
Let h = -16 - -21. Let c be (-16)/40 + 332/h. What is the highest common factor of c and 33?
33
Suppose -46*r - 54 = -514. What is the highest common divisor of 10 and r?
10
Let h(x) = -x**2 + 9*x - 8. Let t be h(3). Calculate the highest common factor of t and 10.
10
Suppose -41*a = -37*a - 1416. Suppose 4*s - 2*s - a = -3*x, -5*s + 2*x = -904. What is the greatest common factor of 20 and s?
20
Let b be 4 - -4*(-3)/12 - -51. Let s = 52 - 34. What is the highest common factor of s and b?
18
Let x be 14*(-2)/2*-1. Let n be x + 0 + (-1)/1. Let r be (-162)/(-4) - ((-243)/18)/(-9). What is the greatest common factor of n and r?
13
Let y = 30 - 25. Suppose 4*d = -5*u + 75, d - 75 = -y*u + 5*d. Calculate the greatest common factor of u and 135.
15
Let p(v) = v**2 + 7*v - 28. Let x be p(4). Suppose -g + 0*g + 4 = -2*i, 4*g - 60 = -3*i. What is the highest common factor of x and g?
4
Let z(x) = 246*x**2 - 98*x + 4. Let y be z(2). What is the highest common divisor of y and 176?
88
Suppose -5*z + 2*g + 0*g = -475, 2*z - 206 = 4*g. Let x = -61 + z. Calculate the greatest common factor of x and 24.
8
Suppose -4*y + 16 = -j + 5*j, 3*j = -y + 6. Suppose 0 = y*m - 4*m + 67. Let c = m + 3. What is the greatest common divisor of c and 10?
10
Let y(v) = 4*v**2 - 9*v - 3. Let t be y(-7). Calculate the highest common factor of t and 64.
64
Suppose 7*u - 1057 = -126. Let q = u + -29. What is the greatest common divisor of 260 and q?
52
Suppose -p + 9 + 11 = -3*r, 5*p + 5*r - 60 =